d?
1
Suppose 5*l = 1577 + 1113. Let m = 827 - l. Calculate the highest common factor of 17 and m.
17
Let r(j) = -j**3 - 3*j**2 + 63*j + 59. Let l be r(-10). Calculate the highest common divisor of l and 32121.
129
Suppose 0 = 83*m - 79*m - 1820. What is the greatest common divisor of m and 560?
35
Suppose 4*f = 5707 + 773. Let h be (-2)/13 + f/390. Calculate the greatest common factor of h and 4.
4
Let h = -4860 - -4974. Calculate the highest common divisor of h and 4066.
38
Let h be 808/12 + (-8)/6. Let v = -9 - -8. Let z be v/((-2)/(-4))*99/(-6). What is the greatest common factor of h and z?
33
Let a = -3938 - -3944. Suppose -5*q + 96 + 9 = 0. Calculate the highest common factor of a and q.
3
Let i be (-33)/(-27) - 1 - 1926/(-81). What is the highest common factor of 536 and i?
8
Let l be (-2)/(-25) - (-13634)/(-425). Let j = l - -77. Let s(q) = q**2 + q - 5. Let o be s(-5). Calculate the highest common factor of j and o.
15
Suppose -1 = -2*a + 5. Suppose 303 = 5*k - w - 36, 3*k + a*w = 207. Calculate the highest common factor of k and 119.
17
Let f(n) = -6*n - 17. Let v = -150 + 147. Let x be f(v). Calculate the highest common divisor of 2 and x.
1
Let r(k) = -4*k**2 + 3*k + 1. Let g be r(1). Suppose -27*j + 30*j + 15 = g. Let p be j/(-2)*208/20 - 1. Calculate the greatest common divisor of p and 10.
5
Let g(o) = -4*o**2 - 106*o - 17. Let m be g(-26). What is the highest common factor of m and 14525?
35
Suppose -22*m + 30*m - 264 = 0. Let b be (-162)/(-66) + 150/m + -4. Let t be -1 - -10 - (-1 - -2). Calculate the highest common divisor of b and t.
1
Let g(j) = -j**2 + 7*j + 1178. Let f be g(36). Calculate the greatest common factor of 3149 and f.
67
Suppose 5*a = -2*v + 18736, -57*v + 11229 = 3*a - 54*v. Calculate the greatest common factor of 90 and a.
30
Let y be (-248)/((-518)/560 - (-12)/15). What is the greatest common factor of 128 and y?
64
Suppose -469 = 5232*l - 5239*l. What is the highest common factor of l and 4?
1
Let l be (-6489)/28 + 4/(-16). Let n = l - -235. What is the greatest common factor of n and 27?
3
Let k be (2/4)/(1/4). Suppose -x - 146*j = -145*j - 3, 3*j - 21 = 3*x. Let v be 29 - (k + -4)*x. Calculate the greatest common factor of v and 175.
25
Let u = -4815 - -15711. Calculate the highest common factor of 16 and u.
16
Suppose -y + m - 149 = 4*m, 0 = -y + 4*m - 121. Let f = -56 - y. Suppose -162 = -3*i - 0*i. Calculate the highest common factor of f and i.
27
Let h = 14053 + -13909. Let v(m) = -2*m**3 - 7*m**2 - 8*m - 7. Let n be v(-5). Calculate the greatest common factor of n and h.
36
Let t(b) = -b**2 + 15*b + 78. Let z be t(19). Let d = 115 + 25. Suppose -2*x + x = 5, -d = -2*p + z*x. What is the greatest common divisor of p and 13?
13
Let d be (-18 - -16)*((-2)/2 + -5). Let h = 368 + 124. Calculate the highest common divisor of d and h.
12
Let u = 128 - 227. Let q = u - -174. Calculate the greatest common factor of q and 5.
5
Suppose 15*v + 128 = 23*v. Let t be (-5)/(-25) + v/20. Suppose -2*r + 3*l = -5*r, -4*l = 4. What is the highest common factor of r and t?
1
Let r = 115 - 287. Let m = r - -288. Calculate the greatest common factor of m and 145.
29
Suppose -263 = -p - 2*n, -2*p - n = -p - 258. Suppose 5*g - 201 = -4*i + p, 0 = -g - 2. Calculate the highest common factor of 87 and i.
29
Suppose 0*n + 2*n = 5*r - 248, -r + 2*n = -56. Let i = 301 + -289. Suppose -1690 = -i*h + 1190. Calculate the greatest common divisor of h and r.
48
Suppose 24*d = 4*g + 600, 680*d = 675*d - 2*g + 159. Let z(f) = 53*f**2 - 2*f. Let y = 4 - 6. Let b be z(y). What is the highest common divisor of d and b?
27
Let u = -21443 + 22331. What is the highest common factor of u and 333?
111
Suppose u - 1694 = -2*a, 4*a - u - 736 = 2652. Calculate the highest common divisor of a and 28.
7
Suppose 5*c - 11996 = -13*c + 6832. Calculate the greatest common factor of c and 2.
2
Let p(w) be the first derivative of 9*w**2/2 - 128*w + 62. Let f be p(17). What is the greatest common factor of 3 and f?
1
Let c = -9 - -7. Let d be -2 + c - (-15)/(15/196). What is the highest common factor of 36 and d?
12
Let s = 3143 + -3073. Calculate the highest common divisor of 38 and s.
2
Suppose -79*d + 444 = 35*d - 3*d. Suppose 0 = -5*l - 10 + 630. Calculate the greatest common factor of d and l.
4
Let h = -6218 + 6298. Calculate the highest common divisor of h and 75.
5
Suppose -2*a - 11*a + 312 = 0. Let v = 314 + -254. What is the highest common divisor of v and a?
12
Suppose 2*l - 18 = -12. Suppose -40 = -l*s + 4*w, 0*w = 4*w + 4. Suppose s*k + 5*k - 136 = 0. Calculate the greatest common factor of 4 and k.
4
Let a = 835 + 229. What is the highest common divisor of 608 and a?
152
Let y be 7 + 38 - 85/(-17). Calculate the greatest common factor of 5025 and y.
25
Let s be (5/(-2) + (-27)/(-9))*218. Let n = s - 37. What is the greatest common divisor of 162 and n?
18
Let v(i) = 213*i**2 + 12*i + 12. Let l be v(-1). Let a = l + -102. Calculate the highest common factor of a and 185.
37
Let h = 1380 + -1138. Let u be (20/18)/5 - 980/(-45). Calculate the highest common factor of u and h.
22
Let o be 4*33/(231/14). What is the greatest common divisor of 214 and o?
2
Suppose 5*x = a + 83, 3*x + 3*a = 2*a + 45. Let d = 324 - 1638. Let y = 1370 + d. What is the highest common factor of y and x?
8
Suppose 0 = -2*x + 12 - 2. Suppose x*u + 5*n + 50 = -0*u, 2*u + 22 = -n. Let l = 6 - u. What is the highest common divisor of l and 126?
18
Let i(b) = -b + 3. Let q be 2*(-5 - -4) + 2*5. Let w be i(q). Let r be (-2)/5 - 17/w - -26. Calculate the highest common divisor of r and 232.
29
Let b = -30 - -37. Suppose y - b*y = 0. Suppose -4*k = 4*d - 276, -2*k + y*d + 141 = 3*d. What is the highest common divisor of k and 165?
33
Let z(s) = s**3 + 4*s**2 + 69*s + 598. Let q be z(0). Let f be (-232)/(-5) - (-4)/(-10). What is the highest common factor of q and f?
46
Let c = 15816 - 13544. What is the greatest common factor of c and 352?
32
Suppose -x - 5 = -70. Suppose 3*z - x = 8*z. Let v be 591/39 + 2/z. Calculate the highest common factor of v and 6.
3
Let h be 576 - 1 - 2 - -2. Suppose -7*v - 3*o + 142 = 0, o - 66 + 11 = 6*o. Calculate the greatest common factor of h and v.
25
Let k be (90/75)/((-4)/(-10)). Let g be (-2)/((-1)/(k/6)). Suppose 6*d - g = 143. Calculate the greatest common factor of d and 6.
6
Suppose 2*c + 450 = 24*c - 7*c. Let y be ((-195)/2)/((-6)/12). What is the highest common factor of y and c?
15
Let z(r) be the second derivative of -8*r**3/3 - 43*r**2 - 253*r. Let d be z(-9). What is the greatest common factor of d and 493?
29
Let s be 6/(-8) + (-16015)/(-20). Suppose 0 = 7*f - 150 - 74. What is the highest common divisor of f and s?
32
Let y = -1953 - -2881. Calculate the highest common divisor of 406 and y.
58
Suppose -3*n + 5*s = -0*n - 11, 3*n + 3*s = 27. Suppose 24*m - 555 = 9*m. Suppose 63*k = 919 - m. Calculate the highest common divisor of n and k.
7
Suppose -997 - 771 = 17*q. Let u be (-1)/(-3 + q/(-35)). What is the greatest common divisor of u and 7?
7
Suppose -w + 3*c = -1594, -5*w = 23*c - 20*c - 7898. What is the greatest common factor of w and 14?
14
Suppose 79 - 264 = 5*d. Let h = d + 42. Let y be (h + (-1)/(-1))/((-21)/(-392)). Calculate the highest common factor of y and 14.
14
Suppose -7*l + 2*l = 3*f - 873, -877 = -5*l - 2*f. Let y = 113 + l. Calculate the greatest common divisor of 10 and y.
10
Suppose 18*w - 1932 = -3*w. What is the greatest common divisor of 1587 and w?
23
Let j(a) = -a**2 + 7*a - 2. Let b be j(6). Suppose -2*t = 4*w + 6, b*t + 2*w - 15 = -3. Calculate the greatest common divisor of 5 and t.
5
Suppose -7*t + 1332 = -390. What is the highest common divisor of 369 and t?
123
Let q = -64 - -120. Let l be 3/15 + 81/45. Let m be -4 - (-19 + 3)*l. What is the greatest common divisor of q and m?
28
Let k(r) = -r**2 + 8*r + 9. Suppose 6 + 8 = 2*g. Let y be k(g). Suppose 0 = 3*x - x - 2*b, 0 = -4*x - 4*b + 16. What is the highest common factor of y and x?
2
Let b = -12 - -12. Suppose b = 2*s - 12 - 132. Let w(c) = c**2 - c + 4. Let t be w(-4). What is the greatest common divisor of s and t?
24
Suppose 0 = 4*z + 3*v - 6071, -4*v - 2335 = -3*z + 2237. What is the greatest common factor of 950 and z?
190
Let y be 1/